{"id":33,"date":"2016-07-19T21:27:02","date_gmt":"2016-07-19T19:27:02","guid":{"rendered":"http:\/\/totaltheme.wpengine.com\/landscaping\/?page_id=33"},"modified":"2021-12-14T09:16:10","modified_gmt":"2021-12-14T08:16:10","slug":"contatti","status":"publish","type":"page","link":"https:\/\/agriturismocasteddu.com\/FRA\/contatti\/","title":{"rendered":"Dove siamo"},"content":{"rendered":"[vc_row full_width=&#8221;stretch_row_content_no_spaces&#8221;][vc_column][vc_gmaps link=&#8221;#E-8_JTNDaWZyYW1lJTIwc3JjJTNEJTIyaHR0cHMlM0ElMkYlMkZ3d3cuZ29vZ2xlLmNvbSUyRm1hcHMlMkZlbWJlZCUzRnBiJTNEJTIxMW0xNCUyMTFtOCUyMTFtMyUyMTFkMTIwODYuNDA1OTYxNTM2Mjc3JTIxMmQ5LjU1NjExOCUyMTNkNDAuNzcwNzg4OSUyMTNtMiUyMTFpMTAyNCUyMTJpNzY4JTIxNGYxMy4xJTIxM20zJTIxMW0yJTIxMXMweDAlMjUzQTB4MjQwYmQwYWU1MTVkZGI2ZSUyMTJzQWdyaXR1cmlzbW8lMjUyMENhc3RlZGR1JTIxNWUwJTIxM20yJTIxMXNpdCUyMTJzaXQlMjE0djE1ODM1MDQ3Mjg1MDElMjE1bTIlMjExc2l0JTIxMnNpdCUyMiUyMHdpZHRoJTNEJTIyNjAwJTIyJTIwaGVpZ2h0JTNEJTIyNDUwJTIyJTIwZnJhbWVib3JkZXIlM0QlMjIwJTIyJTIwc3R5bGUlM0QlMjJib3JkZXIlM0EwJTNCJTIyJTIwYWxsb3dmdWxsc2NyZWVuJTNEJTIyJTIyJTNFJTNDJTJGaWZyYW1lJTNF&#8221;][\/vc_column][\/vc_row][vc_row][vc_column 0=&#8221;&#8221; width=&#8221;1\/2&#8243; css=&#8221;.vc_custom_1518903408283{padding-top: 40px !important;}&#8221;][vc_column_text 0=&#8221;&#8221;]\n<p style=\"text-align: justify;\">Le Agiturismo Casteddu est situ\u00e9e dans une for\u00eat enchanteresse de ch\u00eanes verts et de ch\u00eanes centenaires \u00e0 Padru, \u00e0 15 minutes de San Teodoro et 20 d&#8217;Olbia.<\/p>\n<p><a href=\"https:\/\/www.google.com\/maps\/dir\/\/40.7712839,9.5557928\/@40.774014,9.555793,13z?hl=it-IT\" target=\"_blank\" rel=\"noopener noreferrer\">Cliquez ici\u00a0<\/a> ou sur la carte pour choisir l&#8217;itin\u00e9raire le plus pratique pour nous rejoindre.<\/p>\n<p style=\"text-align: justify;\">Le stazzo est l&#8217;une des plus anciennes maisons rurales de cette r\u00e9gion. La famille du propri\u00e9taire Antonio vit dans cette ferme depuis 1800.<\/p>\n<p style=\"text-align: justify;\">Leur propri\u00e9t\u00e9 s&#8217;\u00e9tend jusqu&#8217;au sommet du mont &#8220;Casteddazzu&#8221;, o\u00f9 de nombreux animaux sauvages vivent en toute tranquillit\u00e9, notamment : sanglier, martre et aigle royal.<\/p>\n<p style=\"text-align: justify;\">C&#8217;est un coin typique d&#8217;une &#8220;Gallura&#8221; oubli\u00e9e, o\u00f9 les for\u00eats denses de ch\u00eanes-li\u00e8ges enflamment l&#8217;imagination des contes de f\u00e9es anciens.<\/p>\n<p style=\"text-align: justify;\">La ferme est entour\u00e9e de nombreux ch\u00eanes gigantesques, dont le plus important a plus de 800 ans, une circonf\u00e9rence de 6 m\u00e8tres et est consid\u00e9r\u00e9 comme une &#8220;plante monumentale&#8221;.<\/p>\n[\/vc_column_text][\/vc_column][vc_column width=&#8221;1\/2&#8243; css=&#8221;.vc_custom_1518900818284{padding-top: 20px !important;}&#8221;][vc_column_text]\n<p style=\"text-align: center;\"><span style=\"color: #056597; font-size: 24px;\">R\u00e9servation S\u00e9jour<\/span><\/p>\n[\/vc_column_text]<div class=\"vcex-spacing wpex-w-100 wpex-clear\" style=\"height:30px\"><\/div><div class=\"vcex-module vcex-form-shortcode wpex-form wpex-m-auto wpex-max-w-100 wpex-form-min full-width-input\">\n<div class=\"wpcf7 no-js\" id=\"wpcf7-f27-o1\" lang=\"en-US\" dir=\"ltr\" data-wpcf7-id=\"27\">\n<div class=\"screen-reader-response\"><p role=\"status\" aria-live=\"polite\" aria-atomic=\"true\"><\/p> <ul><\/ul><\/div>\n<form action=\"\/FRA\/wp-json\/wp\/v2\/pages\/33#wpcf7-f27-o1\" method=\"post\" class=\"wpcf7-form init\" aria-label=\"Contact form\" novalidate=\"novalidate\" data-status=\"init\">\n<fieldset class=\"hidden-fields-container\"><input type=\"hidden\" name=\"_wpcf7\" value=\"27\" \/><input type=\"hidden\" name=\"_wpcf7_version\" value=\"6.1.5\" \/><input type=\"hidden\" name=\"_wpcf7_locale\" value=\"en_US\" \/><input type=\"hidden\" name=\"_wpcf7_unit_tag\" value=\"wpcf7-f27-o1\" \/><input type=\"hidden\" name=\"_wpcf7_container_post\" value=\"0\" \/><input type=\"hidden\" name=\"_wpcf7_posted_data_hash\" value=\"\" \/><input type=\"hidden\" name=\"_wpcf7_recaptcha_response\" value=\"\" \/>\n<\/fieldset>\n\n<div class=\"wpex-row clr\">\n\t<div class=\"span_1_of_2 col clr\">\n\t\t<p>Nom et pr\u00e9nom<br \/>\n<span class=\"wpcf7-form-control-wrap\" data-name=\"your-name\"><input size=\"40\" maxlength=\"400\" class=\"wpcf7-form-control wpcf7-text wpcf7-validates-as-required\" aria-required=\"true\" aria-invalid=\"false\" value=\"\" type=\"text\" name=\"your-name\" \/><\/span>\n\t\t<\/p>\n\t<\/div>\n\t<div class=\"span_1_of_2 col clr\">\n\t\t<p>E-mail<br \/>\n<span class=\"wpcf7-form-control-wrap\" data-name=\"your-email\"><input size=\"40\" maxlength=\"400\" class=\"wpcf7-form-control wpcf7-email wpcf7-validates-as-required wpcf7-text wpcf7-validates-as-email\" aria-required=\"true\" aria-invalid=\"false\" value=\"\" type=\"email\" name=\"your-email\" \/><\/span>\n\t\t<\/p>\n\t<\/div>\n\t<div class=\"span_1_of_2 col clr\">\n\t\t<p>Date d'arriv\u00e9e<br \/>\n<span class=\"wpcf7-form-control-wrap\" data-name=\"date-137\"><input class=\"wpcf7-form-control wpcf7-date wpcf7-validates-as-required wpcf7-validates-as-date\" aria-required=\"true\" aria-invalid=\"false\" value=\"\" type=\"date\" name=\"date-137\" \/><\/span>\n\t\t<\/p>\n\t<\/div>\n\t<div class=\"span_1_of_2 col clr\">\n\t\t<p>Date de d\u00e9part<br \/>\n<span class=\"wpcf7-form-control-wrap\" data-name=\"date-295\"><input class=\"wpcf7-form-control wpcf7-date wpcf7-validates-as-required wpcf7-validates-as-date\" aria-required=\"true\" aria-invalid=\"false\" value=\"\" type=\"date\" name=\"date-295\" \/><\/span>\n\t\t<\/p>\n\t<\/div>\n\t<div class=\"span_1_of_2 col clr\">\n\t\t<p>Adultes<br \/>\n<span class=\"wpcf7-form-control-wrap\" data-name=\"menu-735\"><select class=\"wpcf7-form-control wpcf7-select wpcf7-validates-as-required\" aria-required=\"true\" aria-invalid=\"false\" name=\"menu-735\"><option value=\"\">&#8212;Please choose an option&#8212;<\/option><option value=\"1\">1<\/option><option value=\"2\">2<\/option><option value=\"3\">3<\/option><option value=\"4\">4<\/option><option value=\"5\">5<\/option><\/select><\/span>\n\t\t<\/p>\n\t<\/div>\n\t<div class=\"span_1_of_2 col clr\">\n\t\t<p>Enfants 3-10 ans<br \/>\n<span class=\"wpcf7-form-control-wrap\" data-name=\"menu-290\"><select class=\"wpcf7-form-control wpcf7-select wpcf7-validates-as-required\" aria-required=\"true\" aria-invalid=\"false\" name=\"menu-290\"><option value=\"\">&#8212;Please choose an option&#8212;<\/option><option value=\"0\">0<\/option><option value=\"1\">1<\/option><option value=\"2\">2<\/option><option value=\"3\">3<\/option><option value=\"4\">4<\/option><option value=\"5\">5<\/option><\/select><\/span>\n\t\t<\/p>\n\t<\/div>\n<\/div>\n<p>PRIVACY Policy<br \/>\nLes donn\u00e9es saisies ne seront utilis\u00e9es que pour r\u00e9pondre \u00e0 votre demande (UE 679\/2016). Accetto <span class=\"wpcf7-form-control-wrap\" data-name=\"acceptance-758\"><span class=\"wpcf7-form-control wpcf7-acceptance\"><span class=\"wpcf7-list-item\"><input type=\"checkbox\" name=\"acceptance-758\" value=\"1\" aria-invalid=\"false\" \/><\/span><\/span><\/span>\n<\/p>\n<p><input class=\"wpcf7-form-control wpcf7-submit has-spinner\" type=\"submit\" value=\"Envoyer\" \/>\n<\/p><div class=\"wpcf7-response-output\" aria-hidden=\"true\"><\/div>\n<\/form>\n<\/div>\n<\/div>[\/vc_column][\/vc_row]\n","protected":false},"excerpt":{"rendered":"<p>[vc_row full_width=&#8221;stretch_row_content_no_spaces&#8221;][vc_column][vc_gmaps link=&#8221;#E-8_JTNDaWZyYW1lJTIwc3JjJTNEJTIyaHR0cHMlM0ElMkYlMkZ3d3cuZ29vZ2xlLmNvbSUyRm1hcHMlMkZlbWJlZCUzRnBiJTNEJTIxMW0xNCUyMTFtOCUyMTFtMyUyMTFkMTIwODYuNDA1OTYxNTM2Mjc3JTIxMmQ5LjU1NjExOCUyMTNkNDAuNzcwNzg4OSUyMTNtMiUyMTFpMTAyNCUyMTJpNzY4JTIxNGYxMy4xJTIxM20zJTIxMW0yJTIxMXMweDAlMjUzQTB4MjQwYmQwYWU1MTVkZGI2ZSUyMTJzQWdyaXR1cmlzbW8lMjUyMENhc3RlZGR1JTIxNWUwJTIxM20yJTIxMXNpdCUyMTJzaXQlMjE0djE1ODM1MDQ3Mjg1MDElMjE1bTIlMjExc2l0JTIxMnNpdCUyMiUyMHdpZHRoJTNEJTIyNjAwJTIyJTIwaGVpZ2h0JTNEJTIyNDUwJTIyJTIwZnJhbWVib3JkZXIlM0QlMjIwJTIyJTIwc3R5bGUlM0QlMjJib3JkZXIlM0EwJTNCJTIyJTIwYWxsb3dmdWxsc2NyZWVuJTNEJTIyJTIyJTNFJTNDJTJGaWZyYW1lJTNF&#8221;][\/vc_column][\/vc_row][vc_row][vc_column 0=&#8221;&#8221; width=&#8221;1\/2&#8243; css=&#8221;.vc_custom_1518903408283{padding-top: 40px !important;}&#8221;][vc_column_text 0=&#8221;&#8221;] Le Agiturismo Casteddu est situ\u00e9e dans une for\u00eat enchanteresse de ch\u00eanes verts et de ch\u00eanes centenaires \u00e0 Padru, \u00e0 15 minutes de San Teodoro et 20 d&#8217;Olbia. Cliquez ici\u00a0 ou sur&hellip;<\/p>\n","protected":false},"author":1,"featured_media":113,"parent":0,"menu_order":0,"comment_status":"closed","ping_status":"closed","template":"","meta":{"footnotes":""},"class_list":["post-33","page","type-page","status-publish","has-post-thumbnail","hentry","entry","has-media"],"jetpack_sharing_enabled":true,"_links":{"self":[{"href":"https:\/\/agriturismocasteddu.com\/FRA\/wp-json\/wp\/v2\/pages\/33","targetHints":{"allow":["GET"]}}],"collection":[{"href":"https:\/\/agriturismocasteddu.com\/FRA\/wp-json\/wp\/v2\/pages"}],"about":[{"href":"https:\/\/agriturismocasteddu.com\/FRA\/wp-json\/wp\/v2\/types\/page"}],"author":[{"embeddable":true,"href":"https:\/\/agriturismocasteddu.com\/FRA\/wp-json\/wp\/v2\/users\/1"}],"replies":[{"embeddable":true,"href":"https:\/\/agriturismocasteddu.com\/FRA\/wp-json\/wp\/v2\/comments?post=33"}],"version-history":[{"count":24,"href":"https:\/\/agriturismocasteddu.com\/FRA\/wp-json\/wp\/v2\/pages\/33\/revisions"}],"predecessor-version":[{"id":328,"href":"https:\/\/agriturismocasteddu.com\/FRA\/wp-json\/wp\/v2\/pages\/33\/revisions\/328"}],"wp:featuredmedia":[{"embeddable":true,"href":"https:\/\/agriturismocasteddu.com\/FRA\/wp-json\/wp\/v2\/media\/113"}],"wp:attachment":[{"href":"https:\/\/agriturismocasteddu.com\/FRA\/wp-json\/wp\/v2\/media?parent=33"}],"curies":[{"name":"wp","href":"https:\/\/api.w.org\/{rel}","templated":true}]}}